{"id":4797,"date":"2020-06-29T19:52:16","date_gmt":"2020-06-29T17:52:16","guid":{"rendered":"https:\/\/www.viterittiarredamenti.com\/newsite\/?page_id=4797"},"modified":"2023-07-31T16:56:25","modified_gmt":"2023-07-31T14:56:25","slug":"le-nostre-realizzazioni","status":"publish","type":"page","link":"https:\/\/www.viterittiarredamenti.com\/newsite\/le-nostre-realizzazioni\/","title":{"rendered":"Le nostre realizzazioni"},"content":{"rendered":"<div class=\"wpb-content-wrapper\"><p>[vc_row][vc_column][vc_custom_heading source=&#8221;post_title&#8221; font_container=&#8221;tag:h1|text_align:left&#8221; use_theme_fonts=&#8221;yes&#8221;][vc_custom_heading text=&#8221;Scopri tutte le nostre realizzazioni&#8221; font_container=&#8221;tag:h3|text_align:left&#8221; use_theme_fonts=&#8221;yes&#8221;][\/vc_column][\/vc_row][vc_row][vc_column][vc_empty_space height=&#8221;20px&#8221;][vc_masonry_grid post_type=&#8221;portfolio&#8221; max_items=&#8221;-1&#8243; style=&#8221;lazy&#8221; items_per_page=&#8221;12&#8243; show_filter=&#8221;yes&#8221; element_width=&#8221;3&#8243; item=&#8221;5140&#8243; grid_id=&#8221;vc_gid:1632219379645-00a4b2e5-d2b5-4&#8243; filter_source=&#8221;category_portfolio&#8221;][\/vc_column][\/vc_row][vc_row][vc_column][vc_column_text]Scopri le realizzazioni e gli arredi progettate dai nostri architetti e interior designer.<\/p>\n<p>Nel corso della nostra lunga attivit\u00e0 abbiamo arredato migliaia di case con i migliori marchi di arredo esplorando ogni stile, dal classico al contemporaneo e al moderno, attraversando tutti gli stili e le tendenze che si sono succedute nel corso degli anni.<\/p>\n<p>Abbiamo appunto attraversato tanti stili e tendenze, ma con diversi punti fermi che ci caratterizzano da sempre: la qualit\u00e0 degli arredi e uno stile che sopravvive al tempo e alle mode del momento. Le case arredate dalla nostra azienda godono della longevit\u00e0 sia stilista che qualitativa, grazie all&#8217;attenta scelta dei \u00a0brands e dei materiali, nonch\u00e9 alla professionalit\u00e0 dei nostri progettisti.<\/p>\n<h2>Realizzazioni di arredi con i migliori marchi<\/h2>\n<p>Per arredare la vostra casa disponiamo dei migliori brands come <a href=\"https:\/\/www.viterittiarredamenti.com\/newsite\/marchio\/veneta-cucine\/\">Veneta Cucine<\/a>, Cattelan, <a href=\"https:\/\/www.viterittiarredamenti.com\/newsite\/marchio\/samoa\/\">Samoa Divani<\/a> e tanti altri. Scoprite tutti i nostri brands <a href=\"https:\/\/www.viterittiarredamenti.com\/newsite\/i-marchi\/\">visitando la pagina dei brands<\/a>.<\/p>\n<h2>Arrediamo in tutta Italia<\/h2>\n<p>Abbiamo realizzato arredi in ogni parte d&#8217;Italia. Offriamo i nostri servizi di vendita, progettazione, trasporto e montaggio degli arredi in tutta Italia.<\/p>\n<p>Contattateci o <a href=\"https:\/\/www.viterittiarredamenti.com\/newsite\/servizi\/\">visitate la pagina dei servizi<\/a> per saperne di pi\u00f9.<\/p>\n<h2>Le nostre realizzazioni sui social<\/h2>\n<p>Seguiteci anche sui nostri social network per vedere le nostre realizzazioni. Ci trovate sia su <a href=\"https:\/\/www.facebook.com\/Arredamentiviteritti\" target=\"_blank\" rel=\"noopener\">Facebook<\/a> che su <a href=\"https:\/\/www.instagram.com\/viterittiarredamenti\/\" target=\"_blank\" rel=\"noopener\">Instagram<\/a>. Sui nostri profili social, oltre alle nostre realizzazioni, troverete notizie e aggiornamenti come ad esempio immagini e anteprime dalle fiere e dagli eventi cui partecipiamo, attivit\u00e0 e offerte della nostra azienda, nonch\u00e9 novit\u00e0 in anteprima da tutti i nostri brands e stili e tendenze dal mondo dell&#8217;arredo.<\/p>\n<p>Vi aspettiamo anche sulle nostre pagine social![\/vc_column_text][\/vc_column][\/vc_row]<\/p>\n<\/div>","protected":false},"excerpt":{"rendered":"<p>[vc_row][vc_column][vc_custom_heading source=&#8221;post_title&#8221; font_container=&#8221;tag:h1|text_align:left&#8221; use_theme_fonts=&#8221;yes&#8221;][vc_custom_heading text=&#8221;Scopri tutte le nostre realizzazioni&#8221; font_container=&#8221;tag:h3|text_align:left&#8221; use_theme_fonts=&#8221;yes&#8221;][\/vc_column][\/vc_row][vc_row][vc_column][vc_empty_space height=&#8221;20px&#8221;][vc_masonry_grid post_type=&#8221;portfolio&#8221; max_items=&#8221;-1&#8243; style=&#8221;lazy&#8221; items_per_page=&#8221;12&#8243; show_filter=&#8221;yes&#8221; element_width=&#8221;3&#8243; item=&#8221;5140&#8243; grid_id=&#8221;vc_gid:1632219379645-00a4b2e5-d2b5-4&#8243; filter_source=&#8221;category_portfolio&#8221;][\/vc_column][\/vc_row][vc_row][vc_column][vc_column_text]Scopri le realizzazioni e gli arredi progettate dai nostri architetti e interior designer. Nel corso della nostra lunga attivit\u00e0 abbiamo arredato migliaia di case con i migliori marchi di arredo esplorando ogni stile, dal classico &hellip; <a href=\"https:\/\/www.viterittiarredamenti.com\/newsite\/le-nostre-realizzazioni\/\" class=\"more-link\">Continue reading <span class=\"screen-reader-text\">Le nostre realizzazioni<\/span> <span class=\"meta-nav\">&rarr;<\/span><\/a><\/p>\n","protected":false},"author":1,"featured_media":0,"parent":0,"menu_order":0,"comment_status":"closed","ping_status":"closed","template":"","meta":[],"yoast_head":"<!-- This site is optimized with the Yoast SEO plugin v18.0 - https:\/\/yoast.com\/wordpress\/plugins\/seo\/ -->\n<title>Le nostre realizzazioni - Viteritti Arredamenti<\/title>\n<meta name=\"description\" content=\"Scopri le realizzazioni e gli arredi progettati dai nostri architetti e interiori designer con i migliori marchi di arredo\" \/>\n<meta name=\"robots\" content=\"index, follow, max-snippet:-1, max-image-preview:large, max-video-preview:-1\" \/>\n<link rel=\"canonical\" href=\"https:\/\/www.viterittiarredamenti.com\/newsite\/le-nostre-realizzazioni\/\" \/>\n<meta property=\"og:locale\" content=\"it_IT\" \/>\n<meta property=\"og:type\" content=\"article\" \/>\n<meta property=\"og:title\" content=\"Le nostre realizzazioni - Viteritti Arredamenti\" \/>\n<meta property=\"og:description\" content=\"Scopri le realizzazioni e gli arredi progettati dai nostri architetti e interiori designer con i migliori marchi di arredo\" \/>\n<meta property=\"og:url\" content=\"https:\/\/www.viterittiarredamenti.com\/newsite\/le-nostre-realizzazioni\/\" \/>\n<meta property=\"og:site_name\" content=\"Viteritti Arredamenti\" \/>\n<meta property=\"article:publisher\" content=\"https:\/\/www.facebook.com\/Arredamentiviteritti\/\" \/>\n<meta property=\"article:modified_time\" content=\"2023-07-31T14:56:25+00:00\" \/>\n<meta name=\"twitter:card\" content=\"summary_large_image\" \/>\n<meta name=\"twitter:label1\" content=\"Tempo di lettura stimato\" \/>\n\t<meta name=\"twitter:data1\" content=\"2 minuti\" \/>\n<script type=\"application\/ld+json\" class=\"yoast-schema-graph\">{\"@context\":\"https:\/\/schema.org\",\"@graph\":[{\"@type\":\"Organization\",\"@id\":\"https:\/\/www.viterittiarredamenti.com\/newsite\/#organization\",\"name\":\"Viteritti arredamenti\",\"url\":\"https:\/\/www.viterittiarredamenti.com\/newsite\/\",\"sameAs\":[\"https:\/\/www.facebook.com\/Arredamentiviteritti\/\",\"https:\/\/www.instagram.com\/viterittiarredamenti\/\"],\"logo\":{\"@type\":\"ImageObject\",\"@id\":\"https:\/\/www.viterittiarredamenti.com\/newsite\/#logo\",\"inLanguage\":\"it-IT\",\"url\":\"https:\/\/www.viterittiarredamenti.com\/newsite\/wp-content\/uploads\/2018\/03\/logo_viteritti.png\",\"contentUrl\":\"https:\/\/www.viterittiarredamenti.com\/newsite\/wp-content\/uploads\/2018\/03\/logo_viteritti.png\",\"width\":206,\"height\":164,\"caption\":\"Viteritti arredamenti\"},\"image\":{\"@id\":\"https:\/\/www.viterittiarredamenti.com\/newsite\/#logo\"}},{\"@type\":\"WebSite\",\"@id\":\"https:\/\/www.viterittiarredamenti.com\/newsite\/#website\",\"url\":\"https:\/\/www.viterittiarredamenti.com\/newsite\/\",\"name\":\"Viteritti Arredamenti\",\"description\":\"Arreda i tuoi sogni!\",\"publisher\":{\"@id\":\"https:\/\/www.viterittiarredamenti.com\/newsite\/#organization\"},\"potentialAction\":[{\"@type\":\"SearchAction\",\"target\":{\"@type\":\"EntryPoint\",\"urlTemplate\":\"https:\/\/www.viterittiarredamenti.com\/newsite\/?s={search_term_string}\"},\"query-input\":\"required name=search_term_string\"}],\"inLanguage\":\"it-IT\"},{\"@type\":\"WebPage\",\"@id\":\"https:\/\/www.viterittiarredamenti.com\/newsite\/le-nostre-realizzazioni\/#webpage\",\"url\":\"https:\/\/www.viterittiarredamenti.com\/newsite\/le-nostre-realizzazioni\/\",\"name\":\"Le nostre realizzazioni - Viteritti Arredamenti\",\"isPartOf\":{\"@id\":\"https:\/\/www.viterittiarredamenti.com\/newsite\/#website\"},\"datePublished\":\"2020-06-29T17:52:16+00:00\",\"dateModified\":\"2023-07-31T14:56:25+00:00\",\"description\":\"Scopri le realizzazioni e gli arredi progettati dai nostri architetti e interiori designer con i migliori marchi di arredo\",\"breadcrumb\":{\"@id\":\"https:\/\/www.viterittiarredamenti.com\/newsite\/le-nostre-realizzazioni\/#breadcrumb\"},\"inLanguage\":\"it-IT\",\"potentialAction\":[{\"@type\":\"ReadAction\",\"target\":[\"https:\/\/www.viterittiarredamenti.com\/newsite\/le-nostre-realizzazioni\/\"]}]},{\"@type\":\"BreadcrumbList\",\"@id\":\"https:\/\/www.viterittiarredamenti.com\/newsite\/le-nostre-realizzazioni\/#breadcrumb\",\"itemListElement\":[{\"@type\":\"ListItem\",\"position\":1,\"name\":\"Home\",\"item\":\"https:\/\/www.viterittiarredamenti.com\/newsite\/\"},{\"@type\":\"ListItem\",\"position\":2,\"name\":\"Le nostre realizzazioni\"}]}]}<\/script>\n<!-- \/ Yoast SEO plugin. -->","yoast_head_json":{"title":"Le nostre realizzazioni - Viteritti Arredamenti","description":"Scopri le realizzazioni e gli arredi progettati dai nostri architetti e interiori designer con i migliori marchi di arredo","robots":{"index":"index","follow":"follow","max-snippet":"max-snippet:-1","max-image-preview":"max-image-preview:large","max-video-preview":"max-video-preview:-1"},"canonical":"https:\/\/www.viterittiarredamenti.com\/newsite\/le-nostre-realizzazioni\/","og_locale":"it_IT","og_type":"article","og_title":"Le nostre realizzazioni - Viteritti Arredamenti","og_description":"Scopri le realizzazioni e gli arredi progettati dai nostri architetti e interiori designer con i migliori marchi di arredo","og_url":"https:\/\/www.viterittiarredamenti.com\/newsite\/le-nostre-realizzazioni\/","og_site_name":"Viteritti Arredamenti","article_publisher":"https:\/\/www.facebook.com\/Arredamentiviteritti\/","article_modified_time":"2023-07-31T14:56:25+00:00","twitter_card":"summary_large_image","twitter_misc":{"Tempo di lettura stimato":"2 minuti"},"schema":{"@context":"https:\/\/schema.org","@graph":[{"@type":"Organization","@id":"https:\/\/www.viterittiarredamenti.com\/newsite\/#organization","name":"Viteritti arredamenti","url":"https:\/\/www.viterittiarredamenti.com\/newsite\/","sameAs":["https:\/\/www.facebook.com\/Arredamentiviteritti\/","https:\/\/www.instagram.com\/viterittiarredamenti\/"],"logo":{"@type":"ImageObject","@id":"https:\/\/www.viterittiarredamenti.com\/newsite\/#logo","inLanguage":"it-IT","url":"https:\/\/www.viterittiarredamenti.com\/newsite\/wp-content\/uploads\/2018\/03\/logo_viteritti.png","contentUrl":"https:\/\/www.viterittiarredamenti.com\/newsite\/wp-content\/uploads\/2018\/03\/logo_viteritti.png","width":206,"height":164,"caption":"Viteritti arredamenti"},"image":{"@id":"https:\/\/www.viterittiarredamenti.com\/newsite\/#logo"}},{"@type":"WebSite","@id":"https:\/\/www.viterittiarredamenti.com\/newsite\/#website","url":"https:\/\/www.viterittiarredamenti.com\/newsite\/","name":"Viteritti Arredamenti","description":"Arreda i tuoi sogni!","publisher":{"@id":"https:\/\/www.viterittiarredamenti.com\/newsite\/#organization"},"potentialAction":[{"@type":"SearchAction","target":{"@type":"EntryPoint","urlTemplate":"https:\/\/www.viterittiarredamenti.com\/newsite\/?s={search_term_string}"},"query-input":"required name=search_term_string"}],"inLanguage":"it-IT"},{"@type":"WebPage","@id":"https:\/\/www.viterittiarredamenti.com\/newsite\/le-nostre-realizzazioni\/#webpage","url":"https:\/\/www.viterittiarredamenti.com\/newsite\/le-nostre-realizzazioni\/","name":"Le nostre realizzazioni - Viteritti Arredamenti","isPartOf":{"@id":"https:\/\/www.viterittiarredamenti.com\/newsite\/#website"},"datePublished":"2020-06-29T17:52:16+00:00","dateModified":"2023-07-31T14:56:25+00:00","description":"Scopri le realizzazioni e gli arredi progettati dai nostri architetti e interiori designer con i migliori marchi di arredo","breadcrumb":{"@id":"https:\/\/www.viterittiarredamenti.com\/newsite\/le-nostre-realizzazioni\/#breadcrumb"},"inLanguage":"it-IT","potentialAction":[{"@type":"ReadAction","target":["https:\/\/www.viterittiarredamenti.com\/newsite\/le-nostre-realizzazioni\/"]}]},{"@type":"BreadcrumbList","@id":"https:\/\/www.viterittiarredamenti.com\/newsite\/le-nostre-realizzazioni\/#breadcrumb","itemListElement":[{"@type":"ListItem","position":1,"name":"Home","item":"https:\/\/www.viterittiarredamenti.com\/newsite\/"},{"@type":"ListItem","position":2,"name":"Le nostre realizzazioni"}]}]}},"_links":{"self":[{"href":"https:\/\/www.viterittiarredamenti.com\/newsite\/wp-json\/wp\/v2\/pages\/4797"}],"collection":[{"href":"https:\/\/www.viterittiarredamenti.com\/newsite\/wp-json\/wp\/v2\/pages"}],"about":[{"href":"https:\/\/www.viterittiarredamenti.com\/newsite\/wp-json\/wp\/v2\/types\/page"}],"author":[{"embeddable":true,"href":"https:\/\/www.viterittiarredamenti.com\/newsite\/wp-json\/wp\/v2\/users\/1"}],"replies":[{"embeddable":true,"href":"https:\/\/www.viterittiarredamenti.com\/newsite\/wp-json\/wp\/v2\/comments?post=4797"}],"version-history":[{"count":28,"href":"https:\/\/www.viterittiarredamenti.com\/newsite\/wp-json\/wp\/v2\/pages\/4797\/revisions"}],"predecessor-version":[{"id":5155,"href":"https:\/\/www.viterittiarredamenti.com\/newsite\/wp-json\/wp\/v2\/pages\/4797\/revisions\/5155"}],"wp:attachment":[{"href":"https:\/\/www.viterittiarredamenti.com\/newsite\/wp-json\/wp\/v2\/media?parent=4797"}],"curies":[{"name":"wp","href":"https:\/\/api.w.org\/{rel}","templated":true}]}}